+ 10*x - 10. Give j(7).
3
Let i(j) = j + 4. Let o = 17 - 28. Determine i(o).
-7
Suppose -4 = -4*v - 0*v. Let m be v*-1 + 2 + -1. Let k(f) = -f**3 - f**2 - f - 4. Determine k(m).
-4
Let p(g) = 0*g + 4 - 5 + g - 5. Calculate p(0).
-6
Suppose -2*p + 38 = -7*p - 4*n, n + 26 = -4*p. Let h(t) = t**3 - 7*t**2 + t**3 + 8 - 3*t**3 - 5*t. Determine h(p).
2
Let m(h) = -h**3 - 3*h**2 + 6*h + 6. Let c = -22 - -11. Let n = c + 20. Let s = -13 + n. What is m(s)?
-2
Let w(z) = -z**2 + 5*z - 6. Let q(u) = u**2 - 6*u + 6. Let h(v) = 3*q(v) + 2*w(v). Determine h(5).
-9
Let w = -36 - -50. Let s = w + -11. Let g(y) = -3*y + 4. What is g(s)?
-5
Let f(j) = 2 - 1 - j - 2. Suppose -5*a - 7 = -3*b, 3*b - 7 = 2*b - 3*a. Suppose -6*k - 32 = b. What is f(k)?
5
Let v be (-47)/(-9) - (-2)/(-9). Let s(i) = 0*i - 2*i + 3*i - 2. Calculate s(v).
3
Suppose -5*r + 50 = 7*n - 2*n, 2*r + 5*n - 8 = 0. Let x = -17 + r. Let m(w) be the first derivative of w**2/2 + 1. What is m(x)?
-3
Let f(y) = -18*y - 1. Let g(x) = 2*x - 9. Let w be g(4). Calculate f(w).
17
Let b = 2 - 3. Let y(f) = -4*f + 1. Let t be 2/(-5) - 90/25. Let g(i) = 5*i - 1. Let u(r) = t*g(r) - 3*y(r). Give u(b).
9
Let c(g) = -9*g + 8. Suppose -9 - 6 = 3*k. Let n(w) = -6*w + 5. Let q(x) = k*c(x) + 8*n(x). Calculate q(2).
-6
Let i(z) = z**3 - 4*z**2 + z + 5. Let m be (-3)/(-9) + 2/6*11. Determine i(m).
9
Let c(x) = -x - 1. Let p(j) = -j**2 + j - 3. Let u(s) = -2*c(s) + p(s). Suppose 32 = 3*t + 5*i, -t - 7 = -4*i + 5. Give u(t).
-5
Let q(f) = -2*f**2 + 21*f - 13. Let m be q(10). Let l(d) = -2*d. Determine l(m).
6
Let w(i) = i**2 - 16*i - 19. Let g be w(17). Let h(x) = x**2 + 5*x + 3. What is h(g)?
-3
Let y(r) be the first derivative of r**6/360 + r**3/3 - 1. Let p(h) be the third derivative of y(h). Suppose 5*j = 5*n + 15, 2*n + 5*j - 14 = 15. What is p(n)?
4
Let w(x) = 0*x**2 + 6*x - x**2 - x**2 + 5 + x**2. Calculate w(7).
-2
Let h be -2*(-10)/16*4. Let t(m) = -13*m + 3. Let s(l) = 7*l - 1. Let v(p) = -5*s(p) - 3*t(p). Let g(z) = -5*z + 4. Let x(j) = 3*g(j) + 4*v(j). Determine x(h).
1
Let q(p) = 35 + p - 61 + 27. Calculate q(4).
5
Let g be (-6)/(-12) + 2/4. Let t(r) = 9*r**2. Determine t(g).
9
Let k(m) be the third derivative of m**5/30 + m**4/12 + m**3/6 + 2*m**2. Determine k(-1).
1
Let b(q) = -3 - 6*q + 3*q + 4*q. Determine b(5).
2
Let b(m) be the third derivative of m**6/120 - 2*m**5/15 + 3*m**4/8 - 2*m**3/3 - 7*m**2. What is b(7)?
10
Let w(c) = -c - 1. Let d be 8/14 - 3/(-7). Give w(d).
-2
Let b(v) = 5*v**3. Let w be b(-1). Let n = 5 + w. Let f(m) = 0*m**2 + n + 0 - 2*m**2. Determine f(-2).
-8
Let o(a) be the first derivative of -4 + 1/3*a**3 - 5/2*a**2 - 4*a. Let d be o(6). Let y(n) = -4*n + 2. Calculate y(d).
-6
Let q(v) be the third derivative of v**5/60 + v**3/6 - 5*v**2. Determine q(-3).
10
Let c(r) = r + 3. Let q(s) = 4*s + 3. Let m be (-3)/(-1)*(-10)/(-6). Let k = m - 7. Let o be q(k). Determine c(o).
-2
Let f be (-1)/6 + (-3)/(-18). Let s(k) = k**2 + 6. Give s(f).
6
Let u be (4 - -1)*88/(-20). Let l = u - -19. Let y(d) = -d**3 - 4*d**2 - 4*d - 1. What is y(l)?
2
Let m(r) = -r**2 - 7*r - 1. Suppose 2*v - 2 = -0. Let x(b) = -7*b + 1. Let l be x(v). Let n be m(l). Let y(q) = q**2 - 5*q + 3. What is y(n)?
3
Let r(b) = 55*b**3 - 2*b**2 + 9*b + 9. Let t(m) = 28*m**3 - m**2 + 5*m + 5. Let h(z) = -4*r(z) + 7*t(z). What is h(-1)?
25
Let z = -77 - -76. Let y(q) = -1. Let b(u) = -6*u**2 - 2*u - 3. Let m(k) = b(k) - 2*y(k). Calculate m(z).
-5
Let o(u) = 0 + 1 + 2 + 2*u + 1. Suppose 0*p = 2*p + 8. Calculate o(p).
-4
Let d(q) = q + 3*q + 4*q**3 + 5 - 3*q**3 - 2*q**3. Let f(j) = j**3 + j**2 - 5*j - 6. Let b(w) = 6*d(w) + 5*f(w). Determine b(5).
-5
Let m(r) be the third derivative of -r**5/60 - 7*r**4/24 + r**3/6 + 4*r**2. Calculate m(-7).
1
Let p(r) = r**3 + 3*r**2 - 2*r - 4. Let i be ((-16)/(-10))/((-2)/(-5)). Suppose -x - x = -i. Suppose -x*g = 6, 12 = -2*s - 0*g - 2*g. Determine p(s).
2
Suppose 0 = 2*h - 3*h. Suppose 3*s + h*s = 6. Let j(o) = 1. Let t(p) = p**2 - 2*p. Let k(b) = j(b) - t(b). Calculate k(s).
1
Let w(b) = 4*b. Let r(a) = -1. Let p(d) = -2*r(d) - w(d). Let v be 4*(-1 + 3/2). Give p(v).
-6
Suppose 3*d - 2 = 2*d. Let z = 4 + 1. Let v(s) = -s**2 + s - 2 - d + z. Give v(-2).
-5
Suppose 3*f = -3*i + 27, 0 = -i + 5*f + 22 + 5. Let y = -17 + i. Let j = -10 - y. Let b(r) = r**2 + 6*r - 2. Determine b(j).
-7
Let x(n) = n + 12. Let z be x(-13). Let b(d) = 2*d**2 - 1. Give b(z).
1
Suppose 2*x - 4*d - 24 = 0, 5*d - 25 = -0*x - 3*x. Let k be (-15)/3*(-8)/x. Let p(h) = 5*h + 3*h - 2*h - 3*h + k. Give p(-5).
-11
Let d(y) = y**3 - 2*y**2 + 1. Let h be d(2). Let l = h - 6. Let q(a) = a + 6. Give q(l).
1
Let z(q) = q + 2 + 3*q - 5*q. Let d be (1/(-1))/(2/(-4)). Suppose 3*v - 2*v = -d*u - 5, -4*v + 4*u = 8. Determine z(v).
5
Let m(c) = -c + 3*c - 3*c**2 + 0*c + 1. Calculate m(-1).
-4
Let p be (3/(-2))/((-3)/(-4)). Let a(r) = -3*r**2 - 3*r - 2. What is a(p)?
-8
Let l(i) = 3*i - 1 + 0 + 3 - 6. Calculate l(6).
14
Let s(g) = -16*g - 11. Let c be s(-1). Let q(i) be the second derivative of -i**2 + 1/6*i**3 + c*i + 0. Determine q(3).
1
Let z(h) = -2*h - 1. Let q be z(1). Let d be 119/49 - 3/7. Let c(b) = 5*b + 5*b - 4*b + 21*b**2 - 20*b**d. Give c(q).
-9
Let f(g) = 2*g**2 + 3. Let d = 79 - 82. Calculate f(d).
21
Let j = 9 + -14. Let y(l) = l + 4. Let b be y(-4). Let p(f) = 4*f + 1 + b*f - 1 + f**3 + 6*f**2. Calculate p(j).
5
Let r(p) = -2*p**2 - 3*p. Suppose 4*g + 5 = 25, -5 = -3*q - g. Let x be -1 - (2 + q/1). What is r(x)?
-9
Let p(f) = -f**3 + 7*f**2 + f - 6. Suppose 10*y - 70 = -0*y. Give p(y).
1
Let y = -6 - -9. Suppose 4*w = 5*u + 6, -5*u - 2*w = -y*u + 6. Let d(g) = 14*g - 2*g - 10*g + g**2. Give d(u).
0
Let l(g) = -2*g + 5*g**2 + 0*g**3 - g - g**3 + 2. Let r be l(4). Let t(v) = -2*v - 109 - 3*v + v**2 + 107. Calculate t(r).
4
Let o(n) be the second derivative of -n**3/6 + 7*n**2 - 2*n - 13. Give o(14).
0
Let y(h) = -h**2 - 4*h. Let a be ((-14)/10 + 1)*-5. Suppose a*z = z + 3*x + 2, z + 5*x = -14. Calculate y(z).
0
Let j(p) be the third derivative of 2*p**2 + 1/6*p**3 + 5/24*p**4 + 0*p + 0 + 1/120*p**6 + 1/10*p**5. Let a = 6 - 11. Give j(a).
1
Let t(x) = -3*x. Suppose 0 = z + 2*l + 7, z - 6*l + l = 28. Calculate t(z).
-9
Let d(f) be the first derivative of f**3/3 + 9*f**2/2 + 8*f + 18. What is d(-8)?
0
Let p be (0 - -3)/(6/4). Let c(u) = -2*u**p + 0*u**2 - 2*u**2 + 4*u + u**3. What is c(3)?
3
Let n(c) = c - 6. Let f be n(9). Let d(x) = x**3 - 4*x**2 + 3*x - 3. What is d(f)?
-3
Let y(f) = -3*f - 1. Let v be 2/(-11) + 114/22. Suppose v*r = r. Let w = -3 - r. Calculate y(w).
8
Let s(i) = -i**3 - 6*i**2 - 2*i - 6. Suppose 13 + 11 = -4*g. What is s(g)?
6
Let i(l) = l**3 + 7*l**2 - 7*l + 3. Let t(x) = -x**2 + 2*x. Let f be t(4). Calculate i(f).
-5
Let j(h) be the second derivative of 0 - 3*h + 1/20*h**5 - h**2 + 5/6*h**3 - 1/2*h**4. Calculate j(5).
-2
Suppose k = 4*k. Let r = 1 + k. Let v(o) = 3*o + 4 - 2*o - 3. Calculate v(r).
2
Let i(p) = p - 1. Let g be i(-3). Let w(l) = 10*l**3 + 19*l**2 + 7*l + 13. Let z(k) = -3*k**3 - 6*k**2 - 2*k - 4. Let j(n) = 2*w(n) + 7*z(n). Give j(g).
-2
Let j(q) be the second derivative of -q**6/720 - q**4/3 - q. Let t(y) be the third derivative of j(y). Determine t(-1).
1
Let h(q) = -2 - q**2 - 2 + 2 + 1. Suppose 5*r = 4*r. What is h(r)?
-1
Let y(x) = x**2 + 8*x + 7. Let j = 0 + -2. Let r be (-5)/j*(-24)/(-20). Suppose 2*l + r*l = -30. What is y(l)?
-5
Let g(x) = -x + 1. Let a(s) = s**3 + 4*s**2 + s - 2. Let n(p) = -a(p) - 3*g(p). What is n(-4)?
-9
Let v(a) = a**3 + 11*a**2 - a. Let g be 14/(-49) + 150/(-14). Let s be v(g). Let o(f) = -3 - f + s*f**2 - 12*f**2 - 4*f. Determine o(-4).
1
Let z(u) be the first derivative of u**3/3 - u**2/2 - 1. Let d be 0 + (-3 - (1 + -5)). What is z(d)?
0
Suppose 4*v - 28 = 5*x, 2*v - 3 + 11 = -3*x. Suppose y = -y + v. Let l be 12/(-8)*(-3 + y). Let h(z) = 2*z - 3. What is h(l)?
3
Let y(k) = k**2 - 5*k + 0*k + 4*k + 4*k. What is y(-5)?
10
Suppose r = 2*r + 6. Let o(n) = 7*n**2 + 13*n - 17. Let y(i) = 4*i**2 + 7*i - 9. Let q = 2 - 7. Let z(g) = q*y(g) + 3*o(g). Give z(r).
6
Let c(r) = 2*r + 1. Let x(n) = n - 5. Let u be (36/(-27))/(1/(-6)). Let a be x(u). Suppose -6*i - 15 = -a*i. Determine c(i).
-9
Let q be (3/1 + -3)/(-3). Let g(p) = -p - 6. Let i be g(-7). Let n(l